{"id":227,"date":"2023-03-31T10:24:27","date_gmt":"2023-03-31T10:24:27","guid":{"rendered":"https:\/\/mypage83.wordpress.com\/?page_id=227"},"modified":"2023-04-12T18:03:02","modified_gmt":"2023-04-12T18:03:02","slug":"sales-tt","status":"publish","type":"page","link":"http:\/\/industriashcn.com.mx.previewc75.carrierzone.com\/HCNSite\/?page_id=227","title":{"rendered":"Sales T.T."},"content":{"rendered":"\n<div class=\"wp-block-group alignfull has-primary-background-color has-background\" style=\"padding-top:0px;padding-right:0px;padding-bottom:0px;padding-left:0px\"><div class=\"wp-block-group__inner-container is-layout-constrained wp-container-core-group-is-layout-f64f944e wp-block-group-is-layout-constrained\">\n<div class=\"wp-block-group alignfull has-primary-background-color has-background is-content-justification-space-between is-layout-flex wp-container-core-group-is-layout-1c63accf wp-block-group-is-layout-flex\" style=\"padding-top:0px;padding-right:0px;padding-bottom:0px;padding-left:0px\">\n<div class=\"wp-block-group is-layout-flex wp-block-group-is-layout-flex\"><div class=\"wp-block-site-logo\"><a href=\"http:\/\/industriashcn.com.mx.previewc75.carrierzone.com\/HCNSite\/\" class=\"custom-logo-link\" rel=\"home\"><img loading=\"lazy\" decoding=\"async\" width=\"221\" height=\"50\" src=\"https:\/\/i0.wp.com\/industriashcn.com.mx.previewc75.carrierzone.com\/HCNSite\/wp-content\/uploads\/2023\/03\/Logo-transparente-1.png?fit=770%2C175\" class=\"custom-logo\" alt=\"IndustriasHCN\" srcset=\"https:\/\/i0.wp.com\/industriashcn.com.mx.previewc75.carrierzone.com\/HCNSite\/wp-content\/uploads\/2023\/03\/Logo-transparente-1.png?w=770 770w, https:\/\/i0.wp.com\/industriashcn.com.mx.previewc75.carrierzone.com\/HCNSite\/wp-content\/uploads\/2023\/03\/Logo-transparente-1.png?resize=300%2C68 300w, https:\/\/i0.wp.com\/industriashcn.com.mx.previewc75.carrierzone.com\/HCNSite\/wp-content\/uploads\/2023\/03\/Logo-transparente-1.png?resize=768%2C175 768w\" sizes=\"auto, (max-width: 221px) 100vw, 221px\" \/><\/a><\/div><\/div>\n\n\n<nav class=\"has-text-color has-background-color has-background has-primary-background-color has-tiny-font-size is-responsive items-justified-space-between wp-block-navigation is-content-justification-space-between is-layout-flex wp-container-core-navigation-is-layout-67f8ef59 wp-block-navigation-is-layout-flex\" aria-label=\"Navegaci\u00f3n de Cabecera\" \n\t\t data-wp-interactive=\"core\/navigation\" data-wp-context='{\"overlayOpenedBy\":{\"click\":false,\"hover\":false,\"focus\":false},\"type\":\"overlay\",\"roleAttribute\":\"\",\"ariaLabel\":\"Menu\"}'><button aria-haspopup=\"dialog\" aria-label=\"Open menu\" class=\"wp-block-navigation__responsive-container-open\" \n\t\t\t\tdata-wp-on--click=\"actions.openMenuOnClick\"\n\t\t\t\tdata-wp-on--keydown=\"actions.handleMenuKeydown\"\n\t\t\t><svg width=\"24\" height=\"24\" xmlns=\"http:\/\/www.w3.org\/2000\/svg\" viewBox=\"0 0 24 24\" aria-hidden=\"true\" focusable=\"false\"><path d=\"M4 7.5h16v1.5H4z\"><\/path><path d=\"M4 15h16v1.5H4z\"><\/path><\/svg><\/button>\n\t\t\t\t<div class=\"wp-block-navigation__responsive-container\"  id=\"modal-1\" \n\t\t\t\tdata-wp-class--has-modal-open=\"state.isMenuOpen\"\n\t\t\t\tdata-wp-class--is-menu-open=\"state.isMenuOpen\"\n\t\t\t\tdata-wp-watch=\"callbacks.initMenu\"\n\t\t\t\tdata-wp-on--keydown=\"actions.handleMenuKeydown\"\n\t\t\t\tdata-wp-on--focusout=\"actions.handleMenuFocusout\"\n\t\t\t\ttabindex=\"-1\"\n\t\t\t>\n\t\t\t\t\t<div class=\"wp-block-navigation__responsive-close\" tabindex=\"-1\">\n\t\t\t\t\t\t<div class=\"wp-block-navigation__responsive-dialog\" \n\t\t\t\tdata-wp-bind--aria-modal=\"state.ariaModal\"\n\t\t\t\tdata-wp-bind--aria-label=\"state.ariaLabel\"\n\t\t\t\tdata-wp-bind--role=\"state.roleAttribute\"\n\t\t\t>\n\t\t\t\t\t\t\t<button aria-label=\"Close menu\" class=\"wp-block-navigation__responsive-container-close\" \n\t\t\t\tdata-wp-on--click=\"actions.closeMenuOnClick\"\n\t\t\t><svg xmlns=\"http:\/\/www.w3.org\/2000\/svg\" viewBox=\"0 0 24 24\" width=\"24\" height=\"24\" aria-hidden=\"true\" focusable=\"false\"><path d=\"m13.06 12 6.47-6.47-1.06-1.06L12 10.94 5.53 4.47 4.47 5.53 10.94 12l-6.47 6.47 1.06 1.06L12 13.06l6.47 6.47 1.06-1.06L13.06 12Z\"><\/path><\/svg><\/button>\n\t\t\t\t\t\t\t<div class=\"wp-block-navigation__responsive-container-content\" \n\t\t\t\tdata-wp-watch=\"callbacks.focusFirstElement\"\n\t\t\t id=\"modal-1-content\">\n\t\t\t\t\t\t\t\t<ul class=\"wp-block-navigation__container has-text-color has-background-color has-background has-primary-background-color has-tiny-font-size is-responsive items-justified-space-between wp-block-navigation has-tiny-font-size\"><li class=\"has-tiny-font-size wp-block-navigation-item wp-block-navigation-link has-tiny-font-size\"><a class=\"wp-block-navigation-item__content\"  href=\"http:\/\/industriashcn.com.mx.previewc75.carrierzone.com\/HCNSite\/\"><span class=\"wp-block-navigation-item__label\">Inicio<\/span><\/a><\/li><li class=\"has-tiny-font-size wp-block-navigation-item wp-block-navigation-link\"><a class=\"wp-block-navigation-item__content\"  href=\"http:\/\/industriashcn.com.mx.previewc75.carrierzone.com\/HCNSite\/?page_id=227\"><span class=\"wp-block-navigation-item__label\">Sales para T.T\u00e9rmicos<\/span><\/a><\/li><li class=\"has-tiny-font-size wp-block-navigation-item wp-block-navigation-link\"><a class=\"wp-block-navigation-item__content\"  href=\"http:\/\/industriashcn.com.mx.previewc75.carrierzone.com\/HCNSite\/?page_id=252\"><span class=\"wp-block-navigation-item__label\">Pavonado<\/span><\/a><\/li><li class=\"has-tiny-font-size wp-block-navigation-item wp-block-navigation-link\"><a class=\"wp-block-navigation-item__content\"  href=\"http:\/\/industriashcn.com.mx.previewc75.carrierzone.com\/HCNSite\/?page_id=287\"><span class=\"wp-block-navigation-item__label\">Aceites y Lubricantes<\/span><\/a><\/li><li class=\"has-tiny-font-size wp-block-navigation-item wp-block-navigation-link\"><a class=\"wp-block-navigation-item__content\"  href=\"http:\/\/industriashcn.com.mx.previewc75.carrierzone.com\/HCNSite\/?page_id=289\"><span class=\"wp-block-navigation-item__label\">Ubicaci\u00f3n<\/span><\/a><\/li><\/ul>\n\t\t\t\t\t\t\t<\/div>\n\t\t\t\t\t\t<\/div>\n\t\t\t\t\t<\/div>\n\t\t\t\t<\/div><\/nav><\/div>\n\n\n\n<div class=\"wp-block-cover alignfull has-custom-content-position is-position-center-left has-normal-font-size\" style=\"margin-top:0;padding-top:0;padding-right:0;padding-bottom:0;padding-left:0\"><span aria-hidden=\"true\" class=\"wp-block-cover__background has-primary-background-color has-background-dim-0 has-background-dim\"><\/span><img loading=\"lazy\" decoding=\"async\" width=\"620\" height=\"226\" class=\"wp-block-cover__image-background wp-image-548\" alt=\"\" src=\"https:\/\/i0.wp.com\/industriashcn.com.mx.previewc75.carrierzone.com\/HCNSite\/wp-content\/uploads\/2023\/04\/IMG_20180308_145823V1-scaled.jpg?resize=620%2C226\" data-object-fit=\"cover\" srcset=\"https:\/\/i0.wp.com\/industriashcn.com.mx.previewc75.carrierzone.com\/HCNSite\/wp-content\/uploads\/2023\/04\/IMG_20180308_145823V1-scaled.jpg?w=2560 2560w, https:\/\/i0.wp.com\/industriashcn.com.mx.previewc75.carrierzone.com\/HCNSite\/wp-content\/uploads\/2023\/04\/IMG_20180308_145823V1-scaled.jpg?resize=300%2C109 300w, https:\/\/i0.wp.com\/industriashcn.com.mx.previewc75.carrierzone.com\/HCNSite\/wp-content\/uploads\/2023\/04\/IMG_20180308_145823V1-scaled.jpg?resize=1024%2C373 1024w, https:\/\/i0.wp.com\/industriashcn.com.mx.previewc75.carrierzone.com\/HCNSite\/wp-content\/uploads\/2023\/04\/IMG_20180308_145823V1-scaled.jpg?resize=768%2C280 768w, https:\/\/i0.wp.com\/industriashcn.com.mx.previewc75.carrierzone.com\/HCNSite\/wp-content\/uploads\/2023\/04\/IMG_20180308_145823V1-scaled.jpg?resize=1536%2C559 1536w, https:\/\/i0.wp.com\/industriashcn.com.mx.previewc75.carrierzone.com\/HCNSite\/wp-content\/uploads\/2023\/04\/IMG_20180308_145823V1-scaled.jpg?resize=2048%2C745 2048w, https:\/\/i0.wp.com\/industriashcn.com.mx.previewc75.carrierzone.com\/HCNSite\/wp-content\/uploads\/2023\/04\/IMG_20180308_145823V1-scaled.jpg?resize=1568%2C571 1568w, https:\/\/i0.wp.com\/industriashcn.com.mx.previewc75.carrierzone.com\/HCNSite\/wp-content\/uploads\/2023\/04\/IMG_20180308_145823V1-scaled.jpg?w=1240 1240w, https:\/\/i0.wp.com\/industriashcn.com.mx.previewc75.carrierzone.com\/HCNSite\/wp-content\/uploads\/2023\/04\/IMG_20180308_145823V1-scaled.jpg?w=1860 1860w\" sizes=\"auto, (max-width: 620px) 100vw, 620px\" data-recalc-dims=\"1\" \/><div class=\"wp-block-cover__inner-container is-layout-flow wp-block-cover-is-layout-flow\">\n<p class=\"has-text-align-left has-large-font-size\" style=\"padding-top:var(--wp--preset--spacing--30);padding-right:var(--wp--preset--spacing--30);padding-bottom:var(--wp--preset--spacing--30);padding-left:var(--wp--preset--spacing--30);line-height:1.2\">Sales para Tratamientos T\u00e9rmicos<\/p>\n<\/div><\/div>\n<\/div><\/div>\n\n\n\n<div class=\"wp-block-group alignfull padding-top-half padding-bottom-half padding-right-half padding-left-half has-primary-background-color has-text-color has-background has-link-color wp-elements-8ac9cfa2b3c34a1ce8e326f0c0fcde79\" style=\"color:#ffffff;margin-top:0px;margin-bottom:0px;padding-top:8px;padding-right:8px;padding-bottom:8px;padding-left:8px\"><div class=\"wp-block-group__inner-container is-layout-flow wp-block-group-is-layout-flow\">\n<h2 class=\"wp-block-heading has-text-align-center\" style=\"font-size:26px\">Requiere asesor\u00eda? No dude en contactarnos!<\/h2>\n\n\n\n<div class=\"wp-block-buttons has-custom-font-size is-content-justification-center is-nowrap is-layout-flex wp-container-core-buttons-is-layout-701a7218 wp-block-buttons-is-layout-flex\" style=\"font-size:0px\">\n<div class=\"wp-block-button has-custom-width wp-block-button__width-25 has-custom-font-size is-style-fill has-small-font-size\"><a class=\"wp-block-button__link has-tertiary-color has-secondary-background-color has-text-color has-background has-text-align-center wp-element-button\" href=\"http:\/\/industriashcn.com.mx.previewc75.carrierzone.com\/HCNSite\/?page_id=289\" style=\"padding-top:10px;padding-right:10px;padding-bottom:10px;padding-left:10px\">M\u00e1s informaci\u00f3n&#8230;<\/a><\/div>\n<\/div>\n<\/div><\/div>\n\n\n\n<div class=\"wp-block-group\" style=\"padding-top:var(--wp--preset--spacing--80);padding-bottom:var(--wp--preset--spacing--80)\"><div class=\"wp-block-group__inner-container is-layout-flow wp-block-group-is-layout-flow\">\n<h3 class=\"wp-block-heading has-text-align-center\" style=\"font-style:normal;font-weight:200\"><strong>El producto adecuado para su proceso<\/strong><\/h3>\n\n\n\n<div class=\"wp-block-group\"><div class=\"wp-block-group__inner-container is-layout-flow wp-block-group-is-layout-flow\">\n<div class=\"wp-block-group is-vertical is-content-justification-center is-layout-flex wp-container-core-group-is-layout-88a7ed2c wp-block-group-is-layout-flex\">\n<h2 class=\"wp-block-heading\">HCN135<\/h2>\n\n\n\n<figure class=\"wp-block-table is-style-stripes has-tiny-font-size wp-container-content-b04ba3db\"><table><tbody><tr><td>Presentaci\u00f3n:<\/td><td class=\"has-text-align-right\" data-align=\"right\">Saco 25 Kg.<\/td><\/tr><tr><td>Temperatura de Trabajo:<\/td><td class=\"has-text-align-right\" data-align=\"right\">\u00b0C 140-400<\/td><\/tr><tr><td>Descripci\u00f3n:<\/td><td class=\"has-text-align-right\" data-align=\"right\">Sal para austemperizado  y martemperizado<\/td><\/tr><\/tbody><\/table><\/figure>\n\n\n\n<h2 class=\"wp-block-heading\">HCN A5<\/h2>\n\n\n\n<figure class=\"wp-block-table is-style-stripes has-tiny-font-size wp-container-content-b04ba3db\"><table><tbody><tr><td>Presentaci\u00f3n:<\/td><td class=\"has-text-align-right\" data-align=\"right\">Saco 25 Kg.<\/td><\/tr><tr><td>Temperatura de Trabajo:<\/td><td class=\"has-text-align-right\" data-align=\"right\">\u00b0C 600-900<\/td><\/tr><tr><td>Descripci\u00f3n:<\/td><td class=\"has-text-align-right\" data-align=\"right\">Sal activadora para<br>ba\u00f1os de cementaci\u00f3n y tratamientos t\u00e9rmicos.<\/td><\/tr><\/tbody><\/table><\/figure>\n\n\n\n<h2 class=\"wp-block-heading\">HCN 430<\/h2>\n\n\n\n<figure class=\"wp-block-table is-style-stripes has-tiny-font-size wp-container-content-b04ba3db\"><table><tbody><tr><td>Presentaci\u00f3n:<\/td><td class=\"has-text-align-right\" data-align=\"right\">Saco 25 Kg.<\/td><\/tr><tr><td>Temperatura de Trabajo:<\/td><td class=\"has-text-align-right\" data-align=\"right\">\u00b0C 500-700<\/td><\/tr><tr><td>Descripci\u00f3n:<\/td><td class=\"has-text-align-right\" data-align=\"right\">Sal para calentamiento y temple de&nbsp;Aceros r\u00e1pidos <br>y grado herramienta.<\/td><\/tr><\/tbody><\/table><\/figure>\n\n\n\n<h2 class=\"wp-block-heading\">HCN 540<\/h2>\n\n\n\n<figure class=\"wp-block-table is-style-stripes has-tiny-font-size wp-container-content-b04ba3db\"><table><tbody><tr><td>Presentaci\u00f3n:<\/td><td class=\"has-text-align-right\" data-align=\"right\">Saco 25 Kg.<\/td><\/tr><tr><td>Temperatura de Trabajo:<\/td><td class=\"has-text-align-right\" data-align=\"right\">\u00b0C 600-900<\/td><\/tr><tr><td>Descripci\u00f3n:<\/td><td class=\"has-text-align-right\" data-align=\"right\">                                       Sal para calentamiento, temple <br>y recocido.     <\/td><\/tr><\/tbody><\/table><\/figure>\n\n\n\n<h2 class=\"wp-block-heading\">HCN 750<\/h2>\n\n\n\n<figure class=\"wp-block-table is-style-stripes has-tiny-font-size wp-container-content-b04ba3db\"><table><tbody><tr><td>Presentaci\u00f3n:<\/td><td class=\"has-text-align-right\" data-align=\"right\">Saco 25 Kg.<\/td><\/tr><tr><td>Temperatura de Trabajo:<\/td><td class=\"has-text-align-right\" data-align=\"right\">\u00b0C 850-1000<\/td><\/tr><tr><td>Descripci\u00f3n:<\/td><td class=\"has-text-align-right\" data-align=\"right\">                                                     Sal para calentamiento <br>y recocido.<\/td><\/tr><\/tbody><\/table><\/figure>\n\n\n\n<h2 class=\"wp-block-heading\">HCN 950<\/h2>\n\n\n\n<figure class=\"wp-block-table is-style-stripes has-tiny-font-size wp-container-content-b04ba3db\"><table><tbody><tr><td>Presentaci\u00f3n:<\/td><td class=\"has-text-align-right\" data-align=\"right\">Saco 25 Kg.<\/td><\/tr><tr><td>Temperatura de Trabajo:<\/td><td class=\"has-text-align-right\" data-align=\"right\">\u00b0C 1000-1200<\/td><\/tr><tr><td>Descripci\u00f3n:<\/td><td class=\"has-text-align-right\" data-align=\"right\">                                                     Sal para austenizaci\u00f3n de <br>aceros r\u00e1pidos (HSS) y grado herramienta.<\/td><\/tr><\/tbody><\/table><\/figure>\n\n\n\n<h2 class=\"wp-block-heading\">HCN 1100<\/h2>\n\n\n\n<figure class=\"wp-block-table is-style-stripes has-tiny-font-size wp-container-content-b04ba3db\"><table><tbody><tr><td>Presentaci\u00f3n:<\/td><td class=\"has-text-align-right\" data-align=\"right\">Saco 25 Kg.<\/td><\/tr><tr><td>Temperatura de Trabajo:<\/td><td class=\"has-text-align-right\" data-align=\"right\">\u00b0C 1200-1300<\/td><\/tr><tr><td>Descripci\u00f3n:<\/td><td class=\"has-text-align-right\" data-align=\"right\">                                                     Sal para austenizaci\u00f3n de<br>aceros r\u00e1pidos (HSS).<\/td><\/tr><\/tbody><\/table><\/figure>\n\n\n\n<h2 class=\"wp-block-heading\">HCN C1-B<\/h2>\n\n\n\n<figure class=\"wp-block-table is-style-stripes has-tiny-font-size wp-container-content-b04ba3db\"><table><tbody><tr><td>Presentaci\u00f3n:<\/td><td class=\"has-text-align-right\" data-align=\"right\">(Briqueta)Tambo 50 Kg.<\/td><\/tr><tr><td>Temperatura de Trabajo:<\/td><td class=\"has-text-align-right\" data-align=\"right\">\u00b0C 560-850<\/td><\/tr><tr><td>Descripci\u00f3n:<\/td><td class=\"has-text-align-right\" data-align=\"right\">                                                    Previene la descarburizaci\u00f3n <br>de ba\u00f1os de sal en combinaci\u00f3n con &nbsp;HCN 540. <\/td><\/tr><\/tbody><\/table><\/figure>\n\n\n\n<h2 class=\"wp-block-heading\">HCN C1-G<\/h2>\n\n\n\n<figure class=\"wp-block-table is-style-stripes has-tiny-font-size wp-container-content-b04ba3db\"><table><tbody><tr><td>Presentaci\u00f3n:<\/td><td class=\"has-text-align-right\" data-align=\"right\">(Granular)Tambo 50 Kg.<\/td><\/tr><tr><td>Temperatura de Trabajo:<\/td><td class=\"has-text-align-right\" data-align=\"right\">\u00b0C 560-850<\/td><\/tr><tr><td>Descripci\u00f3n:<\/td><td class=\"has-text-align-right\" data-align=\"right\">                                                     Previene la descarburizaci\u00f3n<br> de ba\u00f1os de sal en combinaci\u00f3n con &nbsp;HCN 540.<\/td><\/tr><\/tbody><\/table><\/figure>\n\n\n\n<h2 class=\"wp-block-heading\">HCN Black<\/h2>\n\n\n\n<figure class=\"wp-block-table is-style-stripes has-tiny-font-size wp-container-content-b04ba3db\"><table><tbody><tr><td>Presentaci\u00f3n:<\/td><td class=\"has-text-align-right\" data-align=\"right\">Saco 25 Kg.<\/td><\/tr><tr><td>Temperatura de Trabajo:<\/td><td class=\"has-text-align-right\" data-align=\"right\">\u00b0C 130-150<\/td><\/tr><tr><td>Descripci\u00f3n:<\/td><td class=\"has-text-align-right\" data-align=\"right\">                                                     Sal para pavonar piezas de acero.<\/td><\/tr><\/tbody><\/table><\/figure>\n<\/div>\n<\/div><\/div>\n<\/div><\/div>\n\n\n\n<div class=\"wp-block-group alignfull has-text-color has-background\" style=\"color:#ffffff;background-color:#000000;padding-top:var(--wp--preset--spacing--60);padding-right:var(--wp--preset--spacing--60);padding-bottom:var(--wp--preset--spacing--60);padding-left:var(--wp--preset--spacing--60)\"><div class=\"wp-block-group__inner-container is-layout-flow wp-block-group-is-layout-flow\">\n<div class=\"wp-block-columns alignwide is-layout-flex wp-container-core-columns-is-layout-9d6595d7 wp-block-columns-is-layout-flex\">\n<div class=\"wp-block-column is-layout-flow wp-block-column-is-layout-flow\" style=\"flex-basis:25%\">\n<h3 class=\"wp-block-heading has-text-color\" style=\"color:#ffffff;font-size:37px\">Sucursales<\/h3>\n\n\n\n<div class=\"wp-block-buttons is-layout-flex wp-block-buttons-is-layout-flex\">\n<div class=\"wp-block-button has-custom-font-size has-tiny-font-size\"><a class=\"wp-block-button__link has-background-color has-secondary-background-color has-text-color has-background wp-element-button\" href=\"http:\/\/industriashcn.com.mx.previewc75.carrierzone.com\/HCNSite\/?page_id=289\" style=\"padding-top:var(--wp--preset--spacing--20);padding-right:var(--wp--preset--spacing--20);padding-bottom:var(--wp--preset--spacing--20);padding-left:var(--wp--preset--spacing--20)\">C\u00f3mo llegar&#8230;<\/a><\/div>\n<\/div>\n<\/div>\n\n\n\n<div class=\"wp-block-column is-layout-flow wp-block-column-is-layout-flow\" style=\"flex-basis:25%\">\n<p class=\"has-text-color\" style=\"color:#ffffff;font-size:18px\">Tenango 38,<\/p>\n\n\n\n<p class=\"has-text-color\" style=\"color:#ffffff;font-size:18px\">Col. La Loma Tlalnemex, <\/p>\n\n\n\n<p class=\"has-text-color\" style=\"color:#ffffff;font-size:18px\">Tlalnepantla Edo. de M\u00e9xico, <\/p>\n\n\n\n<p class=\"has-text-color\" style=\"color:#ffffff;font-size:18px\">C.P. 54060 <\/p>\n\n\n\n<p>Tel. 55654342\/53907445<\/p>\n<\/div>\n\n\n\n<div class=\"wp-block-column is-layout-flow wp-block-column-is-layout-flow\" style=\"flex-basis:25%\">\n<p class=\"has-text-color\" style=\"color:#ffffff;font-size:18px\">Chabacanos 10<\/p>\n\n\n\n<p class=\"has-text-color\" style=\"color:#ffffff;font-size:18px\">Col. Barrio de la Cruz<\/p>\n\n\n\n<p class=\"has-text-color\" style=\"color:#ffffff;font-size:18px\">San Juan del R\u00edo, Quer\u00e9taro.<\/p>\n\n\n\n<p class=\"has-text-color\" style=\"color:#ffffff;font-size:18px\">C.P. 76800<\/p>\n\n\n\n<p>Tel. 55654342\/53907445<\/p>\n<\/div>\n\n\n\n<div class=\"wp-block-column is-layout-flow wp-block-column-is-layout-flow\" style=\"flex-basis:25%\">\n<ul class=\"wp-block-social-links margin-bottom-none is-layout-flex wp-block-social-links-is-layout-flex\"><li class=\"wp-social-link wp-social-link-facebook  wp-block-social-link\"><a href=\"https:\/\/facebook.com\/industriashcn\" class=\"wp-block-social-link-anchor\"><svg width=\"24\" height=\"24\" viewBox=\"0 0 24 24\" version=\"1.1\" xmlns=\"http:\/\/www.w3.org\/2000\/svg\" aria-hidden=\"true\" focusable=\"false\"><path d=\"M12 2C6.5 2 2 6.5 2 12c0 5 3.7 9.1 8.4 9.9v-7H7.9V12h2.5V9.8c0-2.5 1.5-3.9 3.8-3.9 1.1 0 2.2.2 2.2.2v2.5h-1.3c-1.2 0-1.6.8-1.6 1.6V12h2.8l-.4 2.9h-2.3v7C18.3 21.1 22 17 22 12c0-5.5-4.5-10-10-10z\"><\/path><\/svg><span class=\"wp-block-social-link-label screen-reader-text\">Facebook<\/span><\/a><\/li>\n\n<li class=\"wp-social-link wp-social-link-instagram  wp-block-social-link\"><a href=\"https:\/\/instagram.com\/industriashcn\" class=\"wp-block-social-link-anchor\"><svg width=\"24\" height=\"24\" viewBox=\"0 0 24 24\" version=\"1.1\" xmlns=\"http:\/\/www.w3.org\/2000\/svg\" aria-hidden=\"true\" focusable=\"false\"><path d=\"M12,4.622c2.403,0,2.688,0.009,3.637,0.052c0.877,0.04,1.354,0.187,1.671,0.31c0.42,0.163,0.72,0.358,1.035,0.673 c0.315,0.315,0.51,0.615,0.673,1.035c0.123,0.317,0.27,0.794,0.31,1.671c0.043,0.949,0.052,1.234,0.052,3.637 s-0.009,2.688-0.052,3.637c-0.04,0.877-0.187,1.354-0.31,1.671c-0.163,0.42-0.358,0.72-0.673,1.035 c-0.315,0.315-0.615,0.51-1.035,0.673c-0.317,0.123-0.794,0.27-1.671,0.31c-0.949,0.043-1.233,0.052-3.637,0.052 s-2.688-0.009-3.637-0.052c-0.877-0.04-1.354-0.187-1.671-0.31c-0.42-0.163-0.72-0.358-1.035-0.673 c-0.315-0.315-0.51-0.615-0.673-1.035c-0.123-0.317-0.27-0.794-0.31-1.671C4.631,14.688,4.622,14.403,4.622,12 s0.009-2.688,0.052-3.637c0.04-0.877,0.187-1.354,0.31-1.671c0.163-0.42,0.358-0.72,0.673-1.035 c0.315-0.315,0.615-0.51,1.035-0.673c0.317-0.123,0.794-0.27,1.671-0.31C9.312,4.631,9.597,4.622,12,4.622 M12,3 C9.556,3,9.249,3.01,8.289,3.054C7.331,3.098,6.677,3.25,6.105,3.472C5.513,3.702,5.011,4.01,4.511,4.511 c-0.5,0.5-0.808,1.002-1.038,1.594C3.25,6.677,3.098,7.331,3.054,8.289C3.01,9.249,3,9.556,3,12c0,2.444,0.01,2.751,0.054,3.711 c0.044,0.958,0.196,1.612,0.418,2.185c0.23,0.592,0.538,1.094,1.038,1.594c0.5,0.5,1.002,0.808,1.594,1.038 c0.572,0.222,1.227,0.375,2.185,0.418C9.249,20.99,9.556,21,12,21s2.751-0.01,3.711-0.054c0.958-0.044,1.612-0.196,2.185-0.418 c0.592-0.23,1.094-0.538,1.594-1.038c0.5-0.5,0.808-1.002,1.038-1.594c0.222-0.572,0.375-1.227,0.418-2.185 C20.99,14.751,21,14.444,21,12s-0.01-2.751-0.054-3.711c-0.044-0.958-0.196-1.612-0.418-2.185c-0.23-0.592-0.538-1.094-1.038-1.594 c-0.5-0.5-1.002-0.808-1.594-1.038c-0.572-0.222-1.227-0.375-2.185-0.418C14.751,3.01,14.444,3,12,3L12,3z M12,7.378 c-2.552,0-4.622,2.069-4.622,4.622S9.448,16.622,12,16.622s4.622-2.069,4.622-4.622S14.552,7.378,12,7.378z M12,15 c-1.657,0-3-1.343-3-3s1.343-3,3-3s3,1.343,3,3S13.657,15,12,15z M16.804,6.116c-0.596,0-1.08,0.484-1.08,1.08 s0.484,1.08,1.08,1.08c0.596,0,1.08-0.484,1.08-1.08S17.401,6.116,16.804,6.116z\"><\/path><\/svg><span class=\"wp-block-social-link-label screen-reader-text\">Instagram<\/span><\/a><\/li>\n\n<li class=\"wp-social-link wp-social-link-youtube  wp-block-social-link\"><a href=\"https:\/\/www.youtube.com\/channel\/UCvRKVJUQli-UERFwB69W2wQ\" class=\"wp-block-social-link-anchor\"><svg width=\"24\" height=\"24\" viewBox=\"0 0 24 24\" version=\"1.1\" xmlns=\"http:\/\/www.w3.org\/2000\/svg\" aria-hidden=\"true\" focusable=\"false\"><path d=\"M21.8,8.001c0,0-0.195-1.378-0.795-1.985c-0.76-0.797-1.613-0.801-2.004-0.847c-2.799-0.202-6.997-0.202-6.997-0.202 h-0.009c0,0-4.198,0-6.997,0.202C4.608,5.216,3.756,5.22,2.995,6.016C2.395,6.623,2.2,8.001,2.2,8.001S2,9.62,2,11.238v1.517 c0,1.618,0.2,3.237,0.2,3.237s0.195,1.378,0.795,1.985c0.761,0.797,1.76,0.771,2.205,0.855c1.6,0.153,6.8,0.201,6.8,0.201 s4.203-0.006,7.001-0.209c0.391-0.047,1.243-0.051,2.004-0.847c0.6-0.607,0.795-1.985,0.795-1.985s0.2-1.618,0.2-3.237v-1.517 C22,9.62,21.8,8.001,21.8,8.001z M9.935,14.594l-0.001-5.62l5.404,2.82L9.935,14.594z\"><\/path><\/svg><span class=\"wp-block-social-link-label screen-reader-text\">YouTube<\/span><\/a><\/li><\/ul>\n\n\n\n<p class=\"margin-top-half has-background-color has-text-color has-background\" style=\"background-color:#00000000;font-size:18px\"><a href=\"mailto:ventas@industriashcn.com.mx\">ventas@industriashcn.com.mx<\/a><\/p>\n<\/div>\n<\/div>\n<\/div><\/div>\n","protected":false},"excerpt":{"rendered":"<p>Requiere asesor\u00eda? No dude en contactarnos! El producto adecuado para su proceso HCN135 Presentaci\u00f3n: Saco 25 Kg. Temperatura de Trabajo: \u00b0C 140-400 Descripci\u00f3n: Sal para austemperizado y martemperizado HCN A5 Presentaci\u00f3n: Saco 25 Kg. Temperatura de Trabajo: \u00b0C 600-900 Descripci\u00f3n: Sal activadora paraba\u00f1os de cementaci\u00f3n y tratamientos t\u00e9rmicos. HCN 430 Presentaci\u00f3n: Saco 25 Kg. Temperatura<a class=\"more-link\" href=\"http:\/\/industriashcn.com.mx.previewc75.carrierzone.com\/HCNSite\/?page_id=227\">Continue reading <span class=\"screen-reader-text\">&#8220;Sales T.T.&#8221;<\/span><\/a><\/p>\n","protected":false},"author":1,"featured_media":0,"parent":154,"menu_order":0,"comment_status":"closed","ping_status":"closed","template":"","meta":{"footnotes":""},"class_list":["post-227","page","type-page","status-publish","hentry","entry"],"_links":{"self":[{"href":"http:\/\/industriashcn.com.mx.previewc75.carrierzone.com\/HCNSite\/index.php?rest_route=\/wp\/v2\/pages\/227","targetHints":{"allow":["GET"]}}],"collection":[{"href":"http:\/\/industriashcn.com.mx.previewc75.carrierzone.com\/HCNSite\/index.php?rest_route=\/wp\/v2\/pages"}],"about":[{"href":"http:\/\/industriashcn.com.mx.previewc75.carrierzone.com\/HCNSite\/index.php?rest_route=\/wp\/v2\/types\/page"}],"author":[{"embeddable":true,"href":"http:\/\/industriashcn.com.mx.previewc75.carrierzone.com\/HCNSite\/index.php?rest_route=\/wp\/v2\/users\/1"}],"replies":[{"embeddable":true,"href":"http:\/\/industriashcn.com.mx.previewc75.carrierzone.com\/HCNSite\/index.php?rest_route=%2Fwp%2Fv2%2Fcomments&post=227"}],"version-history":[{"count":1,"href":"http:\/\/industriashcn.com.mx.previewc75.carrierzone.com\/HCNSite\/index.php?rest_route=\/wp\/v2\/pages\/227\/revisions"}],"predecessor-version":[{"id":574,"href":"http:\/\/industriashcn.com.mx.previewc75.carrierzone.com\/HCNSite\/index.php?rest_route=\/wp\/v2\/pages\/227\/revisions\/574"}],"up":[{"embeddable":true,"href":"http:\/\/industriashcn.com.mx.previewc75.carrierzone.com\/HCNSite\/index.php?rest_route=\/wp\/v2\/pages\/154"}],"wp:attachment":[{"href":"http:\/\/industriashcn.com.mx.previewc75.carrierzone.com\/HCNSite\/index.php?rest_route=%2Fwp%2Fv2%2Fmedia&parent=227"}],"curies":[{"name":"wp","href":"https:\/\/api.w.org\/{rel}","templated":true}]}}